is the hundreds digit of 1415?
4
What is the units digit of 6663?
3
What is the tens digit of 9805?
0
What is the units digit of 1002?
2
What is the hundreds digit of 11619?
6
What is the hundreds digit of 1207?
2
What is the thousands digit of 1417?
1
What is the tens digit of 75355?
5
What is the tens digit of 9343?
4
What is the hundreds digit of 24158?
1
What is the tens digit of 7867?
6
What is the units digit of 1070?
0
What is the thousands digit of 108369?
8
What is the hundreds digit of 6260?
2
What is the units digit of 37353?
3
What is the tens digit of 1787?
8
What is the tens digit of 2727?
2
What is the hundreds digit of 5746?
7
What is the hundreds digit of 1524?
5
What is the tens digit of 57352?
5
What is the units digit of 9399?
9
What is the hundreds digit of 27777?
7
What is the tens digit of 3392?
9
What is the thousands digit of 8238?
8
What is the hundreds digit of 5636?
6
What is the tens digit of 156056?
5
What is the thousands digit of 3936?
3
What is the units digit of 31290?
0
What is the tens digit of 30226?
2
What is the units digit of 10129?
9
What is the units digit of 501?
1
What is the units digit of 2469?
9
What is the units digit of 1053?
3
What is the units digit of 931?
1
What is the tens digit of 4725?
2
What is the units digit of 53587?
7
What is the ten thousands digit of 12572?
1
What is the hundreds digit of 1358?
3
What is the thousands digit of 22804?
2
What is the ten thousands digit of 37156?
3
What is the thousands digit of 1201?
1
What is the thousands digit of 57166?
7
What is the tens digit of 12494?
9
What is the hundreds digit of 37761?
7
What is the ten thousands digit of 16217?
1
What is the hundreds digit of 42584?
5
What is the hundreds digit of 66245?
2
What is the tens digit of 5810?
1
What is the tens digit of 2110?
1
What is the hundreds digit of 350?
3
What is the ten thousands digit of 13815?
1
What is the tens digit of 1668?
6
What is the units digit of 687?
7
What is the tens digit of 98?
9
What is the tens digit of 55405?
0
What is the tens digit of 763?
6
What is the tens digit of 666?
6
What is the ten thousands digit of 15389?
1
What is the hundreds digit of 944?
9
What is the hundreds digit of 2617?
6
What is the tens digit of 15525?
2
What is the tens digit of 1209?
0
What is the ten thousands digit of 13545?
1
What is the hundreds digit of 631?
6
What is the tens digit of 806?
0
What is the hundreds digit of 2250?
2
What is the hundreds digit of 9743?
7
What is the units digit of 3178?
8
What is the units digit of 23146?
6
What is the units digit of 68478?
8
What is the units digit of 1682?
2
What is the thousands digit of 1920?
1
What is the thousands digit of 8329?
8
What is the thousands digit of 2071?
2
What is the thousands digit of 1137?
1
What is the units digit of 44917?
7
What is the units digit of 1807?
7
What is the tens digit of 6714?
1
What is the hundreds digit of 8661?
6
What is the thousands digit of 59140?
9
What is the thousands digit of 1954?
1
What is the units digit of 884?
4
What is the tens digit of 818?
1
What is the hundreds digit of 2030?
0
What is the units digit of 12605?
5
What is the thousands digit of 4605?
4
What is the ten thousands digit of 20687?
2
What is the tens digit of 1987?
8
What is the tens digit of 6336?
3
What is the thousands digit of 3639?
3
What is the units digit of 10086?
6
What is the hundreds digit of 113013?
0
What is the hundreds digit of 65051?
0
What is the tens digit of 17684?
8
What is the units digit of 14521?
1
What is the hundreds digit of 3451?
4
What is the thousands digit of 22619?
2
What is the tens digit of 21653?
5
What is the tens digit of 12361?
6
What is the hundreds digit of 2526?
5
What is the thousands digit of 5095?
5
What is the thousands digit of 67874?
7
What is the units digit of 1354?
4
What is the tens digit of 1453?
5
What is the thousands digit of 84190?
4
What is the units digit of 15982?
2
What is the units digit of 921?
1
What is the thousands digit of 24523?
4
What is the units digit of 636?
6
What is the thousands digit of 2222?
2
What is the hundreds digit of 3836?
8
What is the tens digit of 3508?
0
What is the tens digit of 16478?
7
What is the units digit of 1320?
0
What is the ten thousands digit of 21940?
2
What is the thousands digit of 10129?
0
What is the tens digit of 354?
5
What is the units digit of 3?
3
What is the units digit of 56?
6
What is the hundreds digit of 826?
8
What is the units digit of 5341?
1
What is the hundreds digit of 104252?
2
What is the units digit of 35116?
6
What is the units digit of 5267?
7
What is the hundreds digit of 10374?
3
What is the tens digit of 695?
9
What is the ten thousands digit of 26471?
2
What is the ten thousands digit of 139577?
3
What is the tens digit of 1579?
7
What is the hundreds digit of 3865?
8
What is the hundreds digit of 21608?
6
What is the hundreds digit of 816?
8
What is the hundreds digit of 4433?
4
What is the hundreds digit of 2699?
6
What is the hundreds digit of 3158?
1
What is the units digit of 474?
4
What is the units digit of 729?
9
What is the units digit of 104629?
9
What is the units digit of 146169?
9
What is the hundreds digit of 3188?
1
What is the tens digit of 1644?
4
What is the tens digit of 45727?
2
What is the tens digit of 7782?
8
What is the hundreds digit of 1858?
8
What is the hundreds digit of 6724?
7
What is the units digit of 1633?
3
What is the tens digit of 16?
1
What is the thousands digit of 61104?
1
What is the tens digit of 5839?
3
What is the thousands digit of 3573?
3
What is the hundreds digit of 885?
8
What is the tens digit of 20806?
0
What is the hundreds digit of 29891?
8
What is the tens digit of 32436?
3
What is the tens digit of 6230?
3
What is the tens digit of 872?
7
What is the hundreds digit of 13080?
0
What is the thousands digit of 2156?
2
What is the tens digit of 10681?
8
What is the hundreds digit of 147?
1
What is the hundreds digit of 58892?
8
What is the units digit of 1563?
3
What is the thousands digit of 7054?
7
What is the thousands digit of 3425?
3
What is the hundreds digit of 29989?
9
What is the ten thousands digit of 39499?
3
What is the hundreds digit of 15778?
7
What is the hundreds digit of 733?
7
What is the tens digit of 1662?
6
What is the tens digit of 1593?
9
What is the units digit of 51206?
6
What is the ten thousands digit of 30936?
3
What is the units digit of 11979?
9
What is the tens digit of 350?
5
What is the units digit of 3537?
7
What is the units digit of 11082?
2
What is the hundreds digit of 14194?
1
What is the units digit of 42909?
9
What is the tens digit of 2685?
8
What is the thousands digit of 2096?
2
What is the hundreds digit of 7513?
5
What is the tens digit of 9387?
8
What is the tens digit of 2029?
2
What is the thousands digit of 8074?
8
What is the hundreds digit of 3541?
5
What is the tens digit of 1552?
5
What is the thousands digit of 4991?
4
What is the units digit of 6016?
6
What is the thousands digit of 5932?
5
What is the thousands digit of 2149?
2
What is the tens digit of 121005?
0
What is the thousands digit of 43152?
3
What is the units digit of 1998?
8
What is the thousands digit of 25784?
5
What is the thousands digit of 8475?
8
What is the units digit of 1509?
9
What is the units digit of 6577?
7
What is the tens digit of 97143?
4
What is the tens digit of 670?
7
What is the tens digit of 14521?
2
What is the hundreds digit of 77990?
9
What is the units digit of 105512?
2
What is the hundreds digit of 274?
2
What is the units digit of 111843?
3
What is the tens digit of 5517?
1
What is the hundreds digit of 761?
7
What is the units digit of 87325?
5
What is the tens digit of 12935?
3
What is the hundreds digit of 78122?
1
What is the units digit of 4496?
6
What is the tens digit of 1224?
2
What is the hundreds digit of 6737?
7
What is the ten thousands digit of 22313?
2
What is the tens digit of 2065?
6
What is the thousands digit of 25988?
5
What is the hundreds digit of 923?
9
What is the units digit of 1115?
5
What is the hundreds digit of 133286?
2
What is the tens digit of 17041?
4
What is the hundreds digit of 1989?
9
What is the tens digit of 61875?
7
What is the hundreds digit of 40788?
7
What i